and 100?
20
Calculate the greatest common divisor of 541679265 and 2676.
669
Calculate the greatest common divisor of 3849 and 56829.
3
What is the greatest common divisor of 998154 and 667?
23
What is the highest common factor of 63777872 and 376?
376
What is the greatest common divisor of 225 and 111537?
9
Calculate the highest common factor of 352846 and 47437.
533
What is the highest common factor of 77006 and 1107446?
554
What is the greatest common divisor of 1518836 and 54164?
44
What is the highest common divisor of 108371 and 8642357?
307
Calculate the greatest common divisor of 1476587490 and 222.
222
Calculate the greatest common divisor of 945 and 3572310.
105
Calculate the highest common divisor of 3809020 and 12.
4
What is the highest common factor of 8321236 and 308?
308
Calculate the greatest common divisor of 2026324 and 224380.
3452
Calculate the highest common divisor of 7890 and 93377624.
526
Calculate the highest common factor of 297039805 and 305.
305
Calculate the greatest common divisor of 430 and 538978985.
215
Calculate the greatest common divisor of 76 and 244005942.
38
What is the highest common factor of 66935 and 33071975?
6085
What is the greatest common factor of 40 and 465001088?
8
What is the highest common divisor of 568 and 62048036?
284
Calculate the greatest common factor of 142 and 1717774.
142
Calculate the greatest common factor of 228301732 and 302.
302
What is the highest common divisor of 140951427 and 1614?
807
What is the highest common factor of 10372824 and 5922?
126
Calculate the greatest common factor of 792439 and 13483.
139
What is the greatest common divisor of 53842470 and 135?
15
What is the greatest common factor of 166811984 and 3256?
296
What is the greatest common factor of 40836 and 375888?
492
What is the greatest common factor of 115443900 and 2600?
1300
What is the highest common factor of 57573710 and 32733?
3637
What is the highest common divisor of 6 and 121555?
1
What is the highest common factor of 40 and 438917060?
20
Calculate the highest common divisor of 5534 and 2974.
2
What is the greatest common factor of 17667891 and 1197?
171
Calculate the greatest common divisor of 450 and 28412406.
18
What is the highest common divisor of 922096 and 1792?
112
Calculate the greatest common divisor of 5873679 and 46746.
441
What is the highest common divisor of 12864 and 504828384?
6432
Calculate the greatest common divisor of 2886 and 760128.
222
Calculate the greatest common factor of 1345841 and 7.
7
Calculate the highest common divisor of 544680049 and 34295.
6859
What is the greatest common divisor of 561 and 577423?
11
What is the greatest common divisor of 93 and 761153509?
31
What is the highest common divisor of 228 and 42806373?
57
What is the greatest common factor of 9 and 142309?
1
Calculate the greatest common factor of 940 and 22317980.
20
What is the greatest common factor of 1602 and 74786789?
89
What is the highest common divisor of 3800455 and 555?
185
Calculate the greatest common factor of 38 and 267262.
2
Calculate the greatest common factor of 144035205 and 3980.
995
Calculate the highest common divisor of 1567 and 70960028.
1567
What is the highest common divisor of 42227928 and 504?
72
Calculate the greatest common factor of 77 and 8323579.
11
What is the greatest common factor of 4370 and 791841815?
2185
Calculate the greatest common factor of 12 and 159728.
4
Calculate the greatest common divisor of 8 and 37318248.
8
Calculate the greatest common factor of 188 and 48646692.
188
What is the greatest common divisor of 10 and 577456620?
10
Calculate the greatest common divisor of 905997 and 12.
3
Calculate the highest common factor of 4135890 and 111552.
498
Calculate the highest common divisor of 1299633 and 983344.
1499
Calculate the highest common divisor of 444 and 43961772.
444
What is the greatest common factor of 6 and 6630862?
2
What is the greatest common divisor of 3374 and 39162018?
3374
What is the highest common divisor of 144222822 and 1728?
54
What is the greatest common divisor of 96409530 and 69650?
13930
What is the greatest common divisor of 3938374 and 1914?
638
What is the highest common divisor of 215 and 18495805?
215
What is the highest common divisor of 37613 and 4008235?
29
What is the greatest common factor of 55 and 9870377?
11
Calculate the greatest common divisor of 22750 and 329966.
182
Calculate the highest common divisor of 3705166 and 466.
466
What is the highest common divisor of 1784 and 2077688?
8
What is the greatest common factor of 1047585 and 2310?
1155
Calculate the greatest common factor of 71008 and 380368.
16
What is the greatest common factor of 584 and 263610300?
292
Calculate the highest common factor of 4500162 and 27927.
261
Calculate the highest common divisor of 1786533 and 706.
353
What is the highest common divisor of 622935 and 5014?
109
What is the greatest common divisor of 28023 and 2147?
1
What is the highest common factor of 8354905 and 351?
13
Calculate the greatest common factor of 401239397 and 4051.
4051
What is the greatest common divisor of 368 and 20907230?
46
What is the highest common factor of 179780661 and 136?
17
What is the highest common factor of 86912 and 75369?
679
Calculate the highest common divisor of 484 and 5768059.
11
What is the greatest common factor of 1974466242 and 36?
18
What is the greatest common divisor of 4599 and 1334025?
63
What is the greatest common factor of 4676 and 72030106?
334
Calculate the highest common factor of 207980790 and 165.
15
Calculate the highest common divisor of 928553 and 268.
67
What is the greatest common factor of 57183 and 536158?
49
What is the highest common divisor of 30667 and 221398216?
4381
What is the highest common divisor of 1088292002 and 844?
422
Calculate the greatest common factor of 10857740 and 5.
5
Calculate the highest common factor of 23320800 and 3792.
3792
Calculate the greatest common factor of 550515 and 1028805.
1605
What is the highest common factor of 4335 and 33054783?
51
Calculate the highest common divisor of 14 and 336816585.
7
What is the highest common divisor of 2990 and 2045820790?
2990
Calculate the highest common divisor of 10938186 and 17955.
3591
What is the greatest common factor of 431882920 and 1520?
760
What is the highest common factor of 621 and 1429299?
27
What is the highest common factor of 11868 and 368?
92
Calculate the highest common divisor of 1218517 and 12121.
713
What is the greatest common factor of 240 and 48341840?
80
What is the greatest common factor of 977385 and 3335?
115
What is the highest common factor of 71978 and 56422284?
4234
Calculate the greatest common factor of 203133 and 4397169.
357
What is the greatest common divisor of 22 and 11429476?
2
What is the greatest common divisor of 4192 and 22614137?
131
What is the highest common divisor of 426150 and 306975?
75
Calculate the greatest common divisor of 46 and 361446886.
46
Calculate the highest common divisor of 4287898 and 904.
226
Calculate the greatest common factor of 667329 and 407043.
2769
Calculate the greatest common factor of 3433404 and 468.
156
What is the greatest common factor of 37 and 116459239?
37
Calculate the highest common divisor of 2765 and 44384655.
35
Calculate the highest common divisor of 68235019 and 4791.
1597
Calculate the highest common divisor of 32076 and 64602.
18
Calculate the greatest common divisor of 882 and 1298106.
18
Calculate the highest common factor of 12479052 and 12.
12
What is the greatest common divisor of 3139072 and 352?
32
What is the highest common factor of 46480728 and 112?
56
What is the highest common factor of 457805 and 1148020?
305
Calculate the greatest common factor of 437622 and 12768.
6
What is the highest common factor of 46921 and 3017?
7
What is the highest common factor of 9679826 and 145912?
598
What is the greatest common factor of 28 and 63535?
1
What is the greatest common factor of 30 and 69818115?
15
What is the highest common factor of 3053974 and 406?
14
Calculate the greatest common factor of 328 and 7501237.
41
What is the greatest common divisor of 620 and 384127200?
620
What is the highest common divisor of 100065433 and 598?
299
What is the g